{"id":2,"date":"2013-07-11T18:42:20","date_gmt":"2013-07-11T18:42:20","guid":{"rendered":"http:\/\/wp.schulfoerderverein-scheessel.de\/?page_id=2"},"modified":"2026-04-29T17:07:40","modified_gmt":"2026-04-29T15:07:40","slug":"sample-page","status":"publish","type":"page","link":"https:\/\/wp.schulfoerderverein-scheessel.de\/?page_id=2","title":{"rendered":"Ferienbetreuung"},"content":{"rendered":"<p>&nbsp;<\/p>\n<table style=\"border-collapse: collapse; width: 100%; height: 54px;\">\n<tbody>\n<tr style=\"height: 21px;\">\n<td style=\"width: 50%; height: 21px; text-align: center;\">\n<h4><span style=\"color: #339966;\"><strong>Osterferien<\/strong><\/span><\/h4>\n<\/td>\n<td style=\"width: 50%; height: 21px; text-align: center;\">\n<h4><span style=\"color: #339966;\"><strong>23.03. &#8211; 27.03.2026<br><\/strong><\/span><\/h4>\n<\/td>\n<\/tr>\n<tr style=\"height: 21px;\">\n<td style=\"width: 50%; height: 23px; text-align: center;\">\n<h4><span style=\"color: #339966;\"><strong>Sommerferien<\/strong><\/span><\/h4>\n<\/td>\n<td style=\"width: 50%; height: 23px; text-align: center;\">\n<h4><span style=\"color: #339966;\"><strong>02.07. &#8211; 17.07.2026<br><\/strong><\/span><\/h4>\n<\/td>\n<\/tr>\n<tr style=\"height: 21px;\">\n<td style=\"width: 50%; height: 10px; text-align: center;\">\n<h4><span style=\"color: #339966;\"><strong>Herbstferien<\/strong><\/span><\/h4>\n<\/td>\n<td style=\"width: 50%; height: 10px; text-align: center;\">\n<h4><span style=\"color: #339966;\"><strong>12.10. &#8211; 16.10.2026<\/strong><\/span><\/h4>\n<\/td>\n<\/tr>\n<\/tbody>\n<\/table>\n<hr>\n<p><strong>Hinweise zur Ferienbetreuung<\/strong><\/p>\n<p>Die genauen Betreuungszeiten und jeweiligen Kosten sowie die g\u00fcltigen Rahmenbedingungen entnehmen Sie bitte dem Anmeldebogen f\u00fcr die Ferienbetreuung.&nbsp;<\/p>\n<h5><span style=\"color: #ff6600;\"><strong>Anmeldeschluss f\u00fcr die Sommerferienferienbetreuung ist der XX.XX.2026.<\/strong><\/span><\/h5>\n<p>Geringverdienende Eltern k\u00f6nnen eine finanzielle Unterst\u00fctzung beim Jugendamt beantragen.<\/p>\n<p>Eingeladen sind auch alle Kinder der Au\u00dfenstelle Hetzwege. Voraussetzung f\u00fcr eine Teilnahme ist f\u00fcr alle Eltern die <a href=\"https:\/\/wp.schulfoerderverein-scheessel.de\/wp-content\/uploads\/2024\/09\/Beitrittserklaerung-Schulfoerderverein_02.2024.pdf\">Mitgliedschaft im Schulf\u00f6rderverein<\/a>&nbsp;der Grundschule Schee\u00dfel e.V.<\/p>\n<p>Alle Fragen in Zusammenhang mit der Ferienbetreuung senden Sie bitte an: <a href=\"mailto:ferienbetreuung@schulfoerderverein-scheessel.de\">ferienbetreuung@schulfoerderverein-scheessel.de<\/a><\/p>\n<p>&nbsp;<\/p>\n<p><strong>Allgemeine Informationen<\/strong><\/p>\n<p>Der Schulf\u00f6rderverein bietet in den Oster- und Herbstferien f\u00fcr jeweils eine Woche und in den Sommerferien f\u00fcr drei Wochen eine <strong>kostenpflichtige<\/strong> Ferienbetreuung an (Ferienkalender der Kultusministerkonferenz: <a href=\"http:\/\/www.kmk.org\/ferienkalender.html\" target=\"_new\" rel=\"noopener noreferrer\">Ferienkalender<\/a>).<\/p>\n<hr>\n<p>&nbsp;<\/p>\n<p>&nbsp;<\/p>\n\n\n\n\n\n\n\n\n\n","protected":false},"excerpt":{"rendered":"<p>&nbsp; Osterferien 23.03. &#8211; 27.03.2026 Sommerferien 02.07. &#8211; 17.07.2026 Herbstferien 12.10. &#8211; 16.10.2026 Hinweise zur Ferienbetreuung Die genauen Betreuungszeiten und jeweiligen Kosten sowie die g\u00fcltigen Rahmenbedingungen entnehmen Sie bitte dem&#8230;<\/p>\n","protected":false},"author":1,"featured_media":0,"parent":0,"menu_order":0,"comment_status":"open","ping_status":"open","template":"","meta":{"ngg_post_thumbnail":0,"footnotes":""},"class_list":["post-2","page","type-page","status-publish","hentry"],"_links":{"self":[{"href":"https:\/\/wp.schulfoerderverein-scheessel.de\/index.php?rest_route=\/wp\/v2\/pages\/2","targetHints":{"allow":["GET"]}}],"collection":[{"href":"https:\/\/wp.schulfoerderverein-scheessel.de\/index.php?rest_route=\/wp\/v2\/pages"}],"about":[{"href":"https:\/\/wp.schulfoerderverein-scheessel.de\/index.php?rest_route=\/wp\/v2\/types\/page"}],"author":[{"embeddable":true,"href":"https:\/\/wp.schulfoerderverein-scheessel.de\/index.php?rest_route=\/wp\/v2\/users\/1"}],"replies":[{"embeddable":true,"href":"https:\/\/wp.schulfoerderverein-scheessel.de\/index.php?rest_route=%2Fwp%2Fv2%2Fcomments&post=2"}],"version-history":[{"count":238,"href":"https:\/\/wp.schulfoerderverein-scheessel.de\/index.php?rest_route=\/wp\/v2\/pages\/2\/revisions"}],"predecessor-version":[{"id":1258,"href":"https:\/\/wp.schulfoerderverein-scheessel.de\/index.php?rest_route=\/wp\/v2\/pages\/2\/revisions\/1258"}],"wp:attachment":[{"href":"https:\/\/wp.schulfoerderverein-scheessel.de\/index.php?rest_route=%2Fwp%2Fv2%2Fmedia&parent=2"}],"curies":[{"name":"wp","href":"https:\/\/api.w.org\/{rel}","templated":true}]}}